 + 4*r - 118 + 35 = 0. Suppose 2*i - i = h. Let z be (-12)/(-30)*(i + 0). What is the highest common factor of 30 and z?
6
Suppose -48 = -11*r + 7*r. What is the greatest common factor of r and 240?
12
Let g(n) = -n + 15 + 21 + 0*n**2 - 40 + 2*n**2. Let u be g(2). Calculate the highest common factor of 2 and u.
2
Suppose 4*l + 4*g = -23 + 123, -l + 2*g + 25 = 0. Suppose 0*i = i - 24. Let z be i/9*75/20. Calculate the greatest common divisor of l and z.
5
Let g be 1159/38 - ((-5)/2)/(-5). Calculate the highest common factor of g and 40.
10
Suppose -24*x = 4*x - 3220. Suppose 0 = 2*g + 3*g - 115. What is the highest common factor of g and x?
23
Let z = 32 - 35. Let q be (z + 4 - -10)*1. Suppose -2*f - q = -1, -82 = -3*y - f. What is the highest common divisor of 203 and y?
29
Suppose 0 = g + 4*p - 254, 4*g + 3*p - 1100 = 8*p. Calculate the highest common divisor of g and 30.
30
Suppose 3*g + s - 166 = 0, -4*g - 5*s + 2 = -223. Let m = g - 45. Let f(o) = -25*o. Let z be f(-1). What is the highest common factor of m and z?
5
Let r(k) be the first derivative of k**4/2 - k**3/3 + k**2 - k + 4. Let f be r(2). Let x be -6*(-3)/(-6) + f. What is the greatest common factor of x and 3?
3
Suppose -12*n + 8*n + 82 = l, 3*n + 3*l - 57 = 0. What is the greatest common divisor of 3 and n?
3
Let w(o) = 6*o - 2. Let n be w(11). Let p = -32 - -34. Suppose p*l = 9 + 7. What is the greatest common factor of n and l?
8
Let l = 162 - 151. Let f = -29 - -51. Calculate the greatest common divisor of l and f.
11
Let f = 255 - 244. Calculate the highest common divisor of f and 143.
11
Let r = 604 + -523. Calculate the highest common divisor of r and 513.
27
Let r be 52/10 - (-1)/(-5). Suppose -2*b = -r*b + 90. Let n = -211 - -481. Calculate the greatest common factor of n and b.
30
Suppose 3*g - 2*j - 38 = 0, -g + 4*g - 34 = -2*j. What is the greatest common divisor of g and 516?
12
Suppose 3382*k = 3368*k + 10318. Calculate the greatest common divisor of k and 67.
67
Suppose 4*k - 68 = -0*k. Let y = k + -14. Suppose -6*c + y*c + 30 = 0. Calculate the highest common factor of c and 10.
10
Let f(v) = v**2 - 5*v + 14. Let p be f(2). What is the greatest common divisor of p and 5?
1
Let o(h) = -3*h - 26. Let z be o(-11). Suppose 0 = 2*y - 65 - z. What is the greatest common divisor of y and 90?
18
Let u be (-4)/6 + 677/3. Let g be 0/(-2)*5/(-5). Suppose -y + g*b = -2*b - 45, -3*b = -5*y + u. What is the greatest common factor of y and 9?
9
Suppose j + 4 = -1, 3*j - 165 = -p. What is the highest common factor of p and 300?
60
Suppose 4*j - 36 - 4 = 0. Suppose 0 = q - 1, -7 = -c - q + j. Suppose 17 = -6*r + 209. Calculate the highest common factor of r and c.
16
Let d = -44 + 46. Let a = 154 + -151. Calculate the greatest common factor of a and d.
1
Let u be 2/7 + (1 - (-486)/14). Let v = 5 - -4. What is the highest common factor of u and v?
9
Suppose 2*y + 2*y - 16 = 0. Let b be (-3 + y)/(-2 + 1). Let i be 408/(b + 5) + -2. Calculate the highest common factor of i and 20.
20
Let u be 0/3 - -3 - -6. Let w = 21 + -18. Calculate the highest common factor of w and u.
3
Suppose 3*j = 2*t - 4173, 18*j = -5*t + 21*j + 10446. Calculate the greatest common divisor of 246 and t.
123
Let i(q) = 1 - 5*q**2 + 0*q - 4*q + q**3 + 1. Let w(b) = 2*b. Let m be w(3). Let s be i(m). What is the highest common factor of 112 and s?
14
Suppose -3*h + 4*o = -24, -5*o + 10 = 25. What is the greatest common factor of 128 and h?
4
Let u = -744 + 770. Calculate the highest common divisor of u and 637.
13
Let g(d) = -15*d - 209. Let t be g(-14). What is the greatest common factor of 17 and t?
1
Let c be ((-40)/30)/((-1)/45) - 2. Calculate the highest common factor of c and 29.
29
Let l(h) = h**2 + 9*h - 5. Let g be l(-19). Calculate the highest common factor of 37 and g.
37
Suppose -5*n + 35 = p, 4*n - p - 13 = n. Let l(j) = 2*j**2 - 9*j - 11. Let m be l(9). Suppose y - n*y + m = 0. What is the highest common factor of 154 and y?
14
Suppose 3*m + 93 = 6*m. Let l = 33 - m. Suppose -3*t = -d - 80, 4*t + l*d - 75 = 45. What is the greatest common divisor of t and 224?
28
Suppose 0*l = -10*l + 60. Calculate the highest common factor of l and 54.
6
Let c be ((-128)/20 + 4)*5. Let h be (1 - -5)/(2/c). Let g = h - -60. Calculate the highest common divisor of g and 3.
3
Let k = -15 - -18. Suppose 2*a - 3 = -d, -4*d - 12 = -a - k*a. What is the highest common factor of a and 18?
2
Suppose 3*k = -7*k + 250. Suppose -r = -2*g + 12, -3*g + 18 = 3*r - 5*r. Suppose -g*a + k = -a. Calculate the highest common divisor of 40 and a.
5
Suppose 3*z + 296 = 4*m, 3*z = 5*m - z - 370. Let s = -20 + m. Calculate the greatest common factor of 6 and s.
6
Let a = -10 - -23. Suppose 3*w = -8 - 16. Let v = 44 - w. Calculate the greatest common divisor of a and v.
13
Let q be (126/21)/((-6)/(-10)). Calculate the highest common divisor of q and 810.
10
Let g(h) = 3*h + 38. Let d be g(17). Let i = d - -54. Calculate the greatest common factor of 13 and i.
13
Suppose 44 = 8*a + 4. Suppose 3*u - 120 = -a*r, -6*r + 5*u = -r - 120. What is the highest common factor of 3 and r?
3
Let x(s) = -s**3 - 12*s**2 - 12*s + 5. Let w be x(-11). Let j(d) = -9*d + 1. Let o be j(-2). Let y = o - w. What is the highest common divisor of 12 and y?
3
Suppose 11*p + 1324 = 2*a + 8*p, a - 5*p - 655 = 0. Calculate the highest common factor of 35 and a.
35
Let r be 28/((18/28)/9). Calculate the greatest common factor of r and 112.
56
Let g = 0 + 10. Let r(m) = 2*m**2 + 5*m - 202. Let p be r(9). Calculate the highest common divisor of p and g.
5
Let s(j) = -19*j - 173. Let a be s(-10). Calculate the greatest common factor of 221 and a.
17
Let n = 46 - 15. Suppose 0 = -q - 2*t + 277, -4*q + 2*t - 153 + 1271 = 0. What is the greatest common divisor of n and q?
31
Let y = 397 + -378. Calculate the greatest common factor of y and 1349.
19
Let j = -3 - -6. Suppose 0 = -3*t + 5*g + 2, -5*t + 0 = -2*g + 3. Let o be -6*t*(-3)/(-6). What is the greatest common factor of j and o?
3
Let s = -5 + 8. Let v be (-4)/6 + 107/s. Suppose -3*x = 4*m - v, 3*m - 7 = -5*x + 11. What is the highest common factor of m and 121?
11
Let f be 488/(8/2) - -5. Let k = f + -105. Calculate the highest common divisor of 33 and k.
11
Let n be 0*(-2)/(-8) + 189. Let b = n - 133. Calculate the highest common divisor of b and 8.
8
Let p = 1 - -1. Suppose -p*c - 3*a + 4*a = -6, 5*a = 0. Let d be (-2 + c)*4*1. What is the highest common factor of 6 and d?
2
Let u = 288 + -282. Let k = 11 + -5. Calculate the highest common divisor of k and u.
6
Let p be 6*(1785/14 + 0). Calculate the greatest common factor of 45 and p.
45
Suppose -2*s + z + 211 = 6*z, 0 = 4*s + 2*z - 462. Calculate the highest common factor of 767 and s.
59
Let v = -73 + 124. Suppose -v*l = -56*l + 270. Let d = 19 - -17. Calculate the greatest common factor of d and l.
18
Let n be (4 + (-23)/(-4))*4. Suppose -2*i + i = -n. What is the highest common factor of i and 39?
39
Suppose 0 = 5*m - 10 - 25. Suppose -m*j + 16 = -12. Suppose j*d + 0*d = 576. What is the highest common factor of 18 and d?
18
Suppose -106 = -4*x - 3*h, 4*x + h = 2*x + 52. Let l = x + 1. Suppose -l = -2*p + p. Calculate the highest common divisor of 78 and p.
26
Suppose 0*o - 4*o = 12. Let c = o + 6. Let i(a) = 3*a**2 + 18*a + 25. Let p be i(-4). Calculate the greatest common divisor of c and p.
1
Let k(x) = -x**3 + 10*x**2 - 11*x + 26. Let t be k(5). Let g = -94 + t. Calculate the greatest common factor of 14 and g.
2
Suppose 3*x - 72 = -48. Suppose x*i + 2*i = 1530. Calculate the highest common divisor of 17 and i.
17
Suppose f = -i + 3*f + 54, 0 = -2*f - 4. What is the greatest common divisor of 2 and i?
2
Let i be 174/16 + (6 - (-705)/(-120)). Calculate the greatest common factor of i and 869.
11
Suppose 0 = -16*p + 27*p - 6655. Calculate the greatest common divisor of 55 and p.
55
Suppose 0 = -i + 13*s - 11*s + 22, -4*i + 2*s = -106. What is the greatest common factor of i and 252?
28
Let q = 16 + -32. Suppose 0 = 5*r - 10*r + 130. Let t = r + q. What is the highest common divisor of 90 and t?
10
Let z(k) = 8*k + 32. Let y be z(3). Calculate the greatest common divisor of 448 and y.
56
Let j(f) = -408*f - 1632. Let g be j(-17). Calculate the highest co